rue
Is 373390439 a composite number?
False
Is 18176737121 prime?
False
Is 135311017 composite?
False
Is 2291793679 composite?
True
Is 192480217 prime?
True
Is 1012549093 composite?
False
Is 405701041 composite?
True
Is 9546833 prime?
True
Is 323965445239 a composite number?
False
Is 37799204881 composite?
True
Is 398153033 a composite number?
True
Is 19224839867 a composite number?
False
Is 686183149 composite?
False
Is 65468003395 composite?
True
Is 953331359 a composite number?
False
Is 3331124431 prime?
False
Is 15656222653 prime?
True
Is 313097046307 composite?
False
Is 2188796503 prime?
False
Is 1507262943 composite?
True
Is 7303487 prime?
False
Is 105303906809 composite?
True
Is 137575969 composite?
True
Is 6027688489 composite?
False
Is 8505435181 composite?
False
Is 2012122987 a prime number?
False
Is 662312033 prime?
False
Is 1189485419 a composite number?
True
Is 236350963 prime?
True
Is 749183443 prime?
True
Is 803172077 composite?
False
Is 866054257 a prime number?
False
Is 10418540701 a prime number?
True
Is 38900471609 composite?
True
Is 11085830359 a composite number?
False
Is 27083314127 a prime number?
True
Is 226875499 composite?
True
Is 1095520453 a composite number?
True
Is 13650423893 composite?
True
Is 2227597237 a prime number?
True
Is 13551162467 a composite number?
False
Is 212526749 a composite number?
True
Is 98206163 prime?
False
Is 167979107 prime?
False
Is 9588548503 a composite number?
True
Is 166822994099 a composite number?
False
Is 4147123513 composite?
True
Is 8864899805 a composite number?
True
Is 34745639561 a composite number?
False
Is 5029277477 a composite number?
True
Is 27902561327 composite?
True
Is 636604043 composite?
False
Is 173767699667 prime?
True
Is 74747507 composite?
False
Is 1876479697 prime?
True
Is 6460205159 a composite number?
False
Is 539594459 a composite number?
False
Is 157693245473 a composite number?
False
Is 6573350149 prime?
False
Is 6362812061 prime?
True
Is 1696868441 composite?
False
Is 410814491 composite?
False
Is 10190122937 prime?
True
Is 669201973 prime?
False
Is 21480090091 composite?
False
Is 22715082314 composite?
True
Is 496349617 a composite number?
True
Is 1583205881 prime?
True
Is 287018887 a composite number?
True
Is 985908719 composite?
True
Is 97400711 a prime number?
False
Is 609671807 composite?
False
Is 192668699 a prime number?
True
Is 31303653 composite?
True
Is 318022483 prime?
False
Is 195280199 a prime number?
True
Is 3409932143 prime?
False
Is 155844624097 a prime number?
True
Is 13442398357 composite?
True
Is 36750869803 a prime number?
False
Is 570273203 a composite number?
False
Is 114416294933 prime?
True
Is 167554043 composite?
False
Is 2648842841 composite?
False
Is 15095814861 composite?
True
Is 268075181 prime?
False
Is 6025614779 composite?
False
Is 82179905 prime?
False
Is 50485450619 a composite number?
False
Is 126041651 a prime number?
True
Is 33389845117 a composite number?
True
Is 62435857321 prime?
False
Is 50019235697 prime?
True
Is 377788769 a prime number?
True
Is 4564797073 composite?
True
Is 8423030287 composite?
True
Is 2473541047 a prime number?
False
Is 186958878523 a composite number?
False
Is 36528632579 a prime number?
False
Is 14957466973 a composite number?
True
Is 122739184286 composite?
True
Is 716400491 composite?
True
Is 305573027 composite?
True
Is 1414770029 a prime number?
False
Is 15261408653 prime?
False
Is 1252163491 a composite number?
True
Is 3070573217 prime?
False
Is 846882779 a prime number?
True
Is 1716604753 a composite number?
False
Is 20402563007 composite?
True
Is 8425449499 prime?
True
Is 7449667 a prime number?
True
Is 64671694559 a prime number?
False
Is 5116076079 a prime number?
False
Is 1210322227 a prime number?
True
Is 2031977551 a composite number?
False
Is 14944936157 a composite number?
False
Is 108582095959 a prime number?
False
Is 4489512537 a composite number?
True
Is 17586872827 prime?
False
Is 10866802129 a composite number?
True
Is 3223533317 a composite number?
False
Is 3453751709 prime?
True
Is 276741803 prime?
False
Is 59097881669 a composite number?
True
Is 60506107 a composite number?
True
Is 153453137 prime?
False
Is 103207043 prime?
True
Is 542968649 prime?
True
Is 260437621 a composite number?
False
Is 24755385271 composite?
True
Is 1315709287 composite?
False
Is 7422227899 composite?
True
Is 31910803 a prime number?
True
Is 630665951 a prime number?
True
Is 84912493 prime?
False
Is 26631267121 a composite number?
False
Is 539509613 composite?
True
Is 71357430121 a composite number?
False
Is 2837334821 prime?
True
Is 53049469393 a prime number?
False
Is 2097720701 composite?
False
Is 171231523 a prime number?
False
Is 267089411 composite?
False
Is 624951781 composite?
True
Is 185301709 prime?
False
Is 8386833319 composite?
False
Is 6131801083 prime?
True
Is 4146726641 a prime number?
False
Is 53470296563 a composite number?
True
Is 437374291 prime?
True
Is 12403731623 a prime number?
True
Is 1910302301 a prime number?
True
Is 19571546317 a composite number?
False
Is 97380899389 prime?
True
Is 3057977317 composite?
False
Is 8290278938 a prime number?
False
Is 633448811297 prime?
True
Is 3624132461 composite?
False
Is 387156733 prime?
True
Is 2493252857 composite?
True
Is 1021822607 a prime number?
False
Is 584640917 prime?
False
Is 141793879 a composite number?
True
Is 97243093 a composite number?
False
Is 25248492823 composite?
False
Is 17475924511 a prime number?
False
Is 194242207 a composite number?
True
Is 26802282347 a composite number?
False
Is 18243050303 a prime number?
True
Is 51313832473 a prime number?
False
Is 5699339377 composite?
True
Is 74990123161 composite?
True
Is 237650807059 a composite number?
False
Is 13291979963 a composite number?
False
Is 21387963658 prime?
False
Is 133930883 a composite number?
False
Is 51382043689 a composite number?
False
Is 50590849 a composite number?
False
Is 1062769891 composite?
True
Is 28984266373 a composite number?
True
Is 53602736321 composite?
False
Is 459537623 a composite number?
False
Is 2605254433 a prime number?
False
Is 19621690903 prime?
True
Is 423221 a prime number?
True
Is 9791868577 a prime number?
True
Is 11521454429 a composite number?
False
Is 728657287 a prime number?
True
Is 74762507245 composite?
True
Is 6014778883 composite?
False
Is 56373156557 composite?
False
Is 12042508253 a composite number?
False
Is 2198182511 composite?
True
Is 195674707 composite?
True
Is 17442596269 composite?
True
Is 16838738729 a composite number?
False
Is 122500916087 composite?
True
Is 8638447 prime?
True
Is 2165800409 prime?
True
Is 19311447817 a prime number?
False
Is 154954403 prime?
True
Is 24840049081 a prime number?
True
Is 6062439587 a prime number?
True
Is 121880309 prime?
True
Is 3934584971 a composite number?
False
Is 48408132169 prime?
True
Is 9082317619 a composite number?
False
Is 3995192143 a prime number?
True
Is 108686239 a composite number?
False
Is 600011353 prime?
False
Is 76265671 prime?
True
Is 1152214643 prime?
False
Is 65023718363 a composite number?
True
Is 44119237987 composite?
True
Is 94309441 a prime number?
True
Is 6887740831 a composite number?
True
Is 700517599 composite?
False
Is 193530203 composite?
True
Is 99245361 composite?
True
Is 3044967218 a prime number?
False
Is 4827832613 prime?
True
Is 155236432271 composite?
False
Is 486793859441 a prime number?
True
Is 7048401163 prime?
False
Is 2751577531 a prime number?
True
Is 8059418167 composite?
False
Is 19880187239 a prime number?
False
Is 526106281 prime?
False
Is 27638199553 a composite number?
True
Is 17901103097 a prime number?
True
Is 17754934129 prime?
True
Is 4715550649 prime?
False
Is 67938179417 a prime number?
False
Is 6652208743 a composite number?
True
Is 123015706571 composite?
False
Is 4791914177 prime?
True
Is 16046263 prime?
True
Is 3188760517 composite?
True
Is 158623057 prime?
False
Is 15727558543 composite?
False
Is 5636972323 prime?
False
Is 37992720319 composite?
False
Is 45868653889 composite?
False
Is 12632884631 composite?
False
Is 2274939341 prime?
False
Is 63936031667 composite?
True
Is 58069106023 prime?
False
Is 246473210341 a composite number?
True
Is 1666250423 prime?
False
Is 2370851389 a prime number?
True
Is